{"id":2,"date":"2019-02-07T14:15:20","date_gmt":"2019-02-07T13:15:20","guid":{"rendered":"http:\/\/www.schiessl.wien\/wordpress\/?page_id=2"},"modified":"2024-05-05T12:12:45","modified_gmt":"2024-05-05T10:12:45","slug":"www-schiessl-wien","status":"publish","type":"page","link":"https:\/\/www.schiessl.wien\/","title":{"rendered":"Architekturb\u00fcro Schiessl"},"content":{"rendered":"<p>[et_pb_section fb_built=&#8220;1&#8243; next_background_color=&#8220;#000000#f7f7f7&#8243; admin_label=&#8220;Hero Section&#8220; module_id=&#8220;home&#8220; _builder_version=&#8220;4.0.3&#8243; background_color=&#8220;#f7f7f7&#8243; use_background_color_gradient=&#8220;on&#8220; background_color_gradient_start=&#8220;rgba(0,0,0,0.4)&#8220; background_color_gradient_end=&#8220;rgba(0,0,0,0.4)&#8220; background_color_gradient_overlays_image=&#8220;on&#8220; background_image=&#8220;http:\/\/www.schiessl.wien\/wordpress\/wp-content\/uploads\/2019\/02\/writer-01.jpg&#8220; background_position=&#8220;center_right&#8220; custom_padding=&#8220;10%||8.6%||false|false&#8220; bottom_divider_style=&#8220;triangle&#8220; bottom_divider_height=&#8220;0px&#8220; collapsed=&#8220;off&#8220; background_color_gradient_direction__hover=&#8220;180deg&#8220; background_color_gradient_direction__hover_enabled=&#8220;180deg&#8220; background_color_gradient_start_position__hover=&#8220;0%&#8220; background_color_gradient_start_position__hover_enabled=&#8220;0%&#8220; background_color_gradient_end_position__hover=&#8220;100%&#8220; background_color_gradient_end_position__hover_enabled=&#8220;100%&#8220;][et_pb_row _builder_version=&#8220;3.25&#8243;][et_pb_column type=&#8220;4_4&#8243; _builder_version=&#8220;3.25&#8243; custom_padding=&#8220;|||&#8220; custom_padding__hover=&#8220;|||&#8220;][et_pb_image src=&#8220;https:\/\/www.schiessl.wien\/wp-content\/uploads\/2019\/10\/admin.png&#8220; align=&#8220;center&#8220; align_tablet=&#8220;center&#8220; align_phone=&#8220;&#8220; align_last_edited=&#8220;on|desktop&#8220; _builder_version=&#8220;4.0.4&#8243; max_width=&#8220;50%&#8220;][\/et_pb_image][et_pb_text admin_label=&#8220;Hero Section Title&#8220; _builder_version=&#8220;3.27.4&#8243; text_font=&#8220;|||on|||||&#8220; header_font=&#8220;Montserrat|200|||||||&#8220; header_font_size=&#8220;21px&#8220; header_letter_spacing=&#8220;3px&#8220; header_line_height=&#8220;1.3em&#8220; header_2_font=&#8220;Montserrat|100|||||||&#8220; header_2_text_color=&#8220;rgba(255,255,255,0.6)&#8220; header_2_font_size=&#8220;37px&#8220; header_2_letter_spacing=&#8220;3px&#8220; header_2_line_height=&#8220;2.5em&#8220; text_orientation=&#8220;center&#8220; background_layout=&#8220;dark&#8220; module_alignment=&#8220;center&#8220; custom_margin=&#8220;||60px|&#8220; animation_style=&#8220;slide&#8220; animation_direction=&#8220;bottom&#8220; animation_intensity_slide=&#8220;5%&#8220; header_font_size_tablet=&#8220;15px&#8220; header_font_size_phone=&#8220;11px&#8220; header_font_size_last_edited=&#8220;on|phone&#8220; header_2_font_size_tablet=&#8220;25px&#8220; header_2_font_size_phone=&#8220;17px&#8220; header_2_font_size_last_edited=&#8220;on|phone&#8220;]<\/p>\n<h2>Architekt DI Josef Schiessl<\/h2>\n<h1>Staatlich befugter und beeideter Ziviltechniker<\/h1>\n<p>[\/et_pb_text][\/et_pb_column][\/et_pb_row][\/et_pb_section][et_pb_section fb_built=&#8220;1&#8243; admin_label=&#8220;About Section&#8220; _builder_version=&#8220;4.0.6&#8243; background_color=&#8220;#000000#f7f7f7&#8243; use_background_color_gradient=&#8220;on&#8220; background_color_gradient_start=&#8220;rgba(247,247,247,0.27)&#8220; background_color_gradient_end=&#8220;#ffffff&#8220; background_color_gradient_start_position=&#8220;8%&#8220; background_color_gradient_end_position=&#8220;0%&#8220; background_color_gradient_overlays_image=&#8220;on&#8220; custom_padding=&#8220;90px||0px||false|false&#8220; collapsed=&#8220;on&#8220; min_height=&#8220;889.2px&#8220;][et_pb_row admin_label=&#8220;Section Title&#8220; module_id=&#8220;taetigkeitsbereich&#8220; _builder_version=&#8220;4.0.6&#8243; custom_margin=&#8220;|||&#8220; custom_padding=&#8220;27px|0px|0|0px|false|false&#8220; locked=&#8220;off&#8220;][et_pb_column type=&#8220;4_4&#8243; _builder_version=&#8220;3.25&#8243; custom_padding=&#8220;|||&#8220; custom_padding__hover=&#8220;|||&#8220;][et_pb_divider show_divider=&#8220;off&#8220; _builder_version=&#8220;3.23.4&#8243; max_width=&#8220;23px&#8220; module_alignment=&#8220;center&#8220; height=&#8220;0px&#8220; animation_style=&#8220;slide&#8220; animation_direction=&#8220;top&#8220; animation_intensity_slide=&#8220;20%&#8220; animation_starting_opacity=&#8220;100%&#8220;][\/et_pb_divider][et_pb_text admin_label=&#8220;Title&#8220; _builder_version=&#8220;4.0.6&#8243; text_font=&#8220;||||||||&#8220; header_font=&#8220;||||||||&#8220; header_2_font=&#8220;Montserrat|600||on|||||&#8220; header_2_text_align=&#8220;center&#8220; header_2_font_size=&#8220;20px&#8220; custom_margin=&#8220;||5px|&#8220; animation_style=&#8220;slide&#8220; animation_direction=&#8220;top&#8220; animation_intensity_slide=&#8220;20%&#8220; animation_starting_opacity=&#8220;100%&#8220;]<\/p>\n<h2>T\u00e4tigkeitsbereich<\/h2>\n<p>[\/et_pb_text][\/et_pb_column][\/et_pb_row][et_pb_row module_class=&#8220; et_pb_row_fullwidth&#8220; _builder_version=&#8220;4.0.6&#8243; width=&#8220;38.3%&#8220; width_tablet=&#8220;80%&#8220; width_phone=&#8220;&#8220; width_last_edited=&#8220;on|desktop&#8220; max_width=&#8220;89%&#8220; max_width_tablet=&#8220;80%&#8220; max_width_phone=&#8220;&#8220; max_width_last_edited=&#8220;on|desktop&#8220; make_fullwidth=&#8220;on&#8220; custom_padding=&#8220;97px|||||&#8220;][et_pb_column type=&#8220;4_4&#8243; _builder_version=&#8220;3.25&#8243; custom_padding=&#8220;|||&#8220; custom_padding__hover=&#8220;|||&#8220;][et_pb_slider use_bg_overlay=&#8220;off&#8220; _builder_version=&#8220;4.0.6&#8243; header_font=&#8220;Montserrat|300|||||||&#8220; header_font_size=&#8220;30px&#8220; body_font=&#8220;Montserrat|300|||||||&#8220; body_text_color=&#8220;#ffffff&#8220; background_image=&#8220;http:\/\/www.schiessl.wien\/wp-content\/uploads\/2019\/06\/black-felt-1920&#215;1080.png&#8220; parallax=&#8220;on&#8220; min_height=&#8220;501px&#8220; custom_margin=&#8220;|-601px||-585px||&#8220; custom_padding=&#8220;80px||84px|||&#8220; hover_transition_duration=&#8220;50ms&#8220; box_shadow_style=&#8220;preset6&#8243; box_shadow_horizontal=&#8220;12px&#8220; box_shadow_vertical=&#8220;11px&#8220; box_shadow_blur=&#8220;61px&#8220; box_shadow_spread=&#8220;21px&#8220;][et_pb_slide heading=&#8220;Architektur&#8220; _builder_version=&#8220;3.24&#8243; header_font=&#8220;Montserrat|300|||||||&#8220; border_color_all_image=&#8220;rgba(0,0,0,0)&#8220; sticky_transition=&#8220;on&#8220;]<\/p>\n<p>&nbsp;<\/p>\n<p>Einfamilienh\u00e4user<\/p>\n<p>Atrium-Wohnhaus<\/p>\n<p>Dachausbau<\/p>\n<p>Umbauten\/Sanierung<\/p>\n<p>\u00d6ffentliche Bauten<\/p>\n<p>Weing\u00fcter<\/p>\n<p>Au\u00dfengestaltung<\/p>\n<p>Wettbewerbe\/Studien<\/p>\n<p>[\/et_pb_slide][et_pb_slide heading=&#8220;Bauberatung&#8220; _builder_version=&#8220;3.21&#8243; sticky_transition=&#8220;on&#8220;]<\/p>\n<p>&nbsp;<\/p>\n<p>Um-, Zu- und Neubauten<\/p>\n<p><i class=\"et-social-icon fa fa-circle\"><\/i>Wohnungs- und Hausankauf<\/p>\n<p><i class=\"et-social-icon fa fa-circle\"><\/i>Bautechnische Probleml\u00f6sungen<\/p>\n<p><i class=\"et-social-icon fa fa-circle\"><\/i>Baurechtsfragen<\/p>\n<p><i class=\"et-social-icon fa fa-circle\"><\/i>Bauphysikalische Probleml\u00f6sungen<\/p>\n<p><i class=\"et-social-icon fa fa-circle\"><\/i>Energieausweis<\/p>\n<p><i class=\"et-social-icon fa fa-circle\"><\/i>Thermografische Untersuchungen<\/p>\n<p>[\/et_pb_slide][et_pb_slide heading=&#8220;Sachverst\u00e4ndiger&#8220; _builder_version=&#8220;3.24&#8243; sticky_transition=&#8220;on&#8220;]<\/p>\n<p>&nbsp;<\/p>\n<p>Bausachverst\u00e4ndiger f\u00fcr Gemeinden<\/p>\n<p><i class=\"et-social-icon fa fa-circle\"><\/i>Gerichtsgutachten<\/p>\n<p><i class=\"et-social-icon fa fa-circle\"><\/i>Privatgutachten<\/p>\n<p><i class=\"et-social-icon fa fa-circle\"><\/i>Beweissicherung<\/p>\n<p><i class=\"et-social-icon fa fa-circle\"><\/i>Gutachterliche Stellungnahmen<\/p>\n<p>[\/et_pb_slide][\/et_pb_slider][\/et_pb_column][\/et_pb_row][\/et_pb_section][et_pb_section fb_built=&#8220;1&#8243; module_id=&#8220;team&#8220; _builder_version=&#8220;3.22.3&#8243; custom_padding=&#8220;54px|0px|5px|7px|false|false&#8220;][et_pb_row _builder_version=&#8220;3.25&#8243; custom_margin=&#8220;-15px|auto||auto||&#8220;][et_pb_column type=&#8220;4_4&#8243; _builder_version=&#8220;3.25&#8243; custom_padding=&#8220;|||&#8220; custom_padding__hover=&#8220;|||&#8220;][et_pb_text _builder_version=&#8220;4.6.6&#8243; text_font=&#8220;||||||||&#8220; header_font=&#8220;||||||||&#8220; header_2_font=&#8220;Montserrat|600|||||||&#8220; header_2_font_size=&#8220;20px&#8220;]<\/p>\n<h2 style=\"text-align: center;\">UNSER TEAM<\/h2>\n<p>[\/et_pb_text][\/et_pb_column][\/et_pb_row][et_pb_row column_structure=&#8220;1_5,1_5,1_5,1_5,1_5&#8243; _builder_version=&#8220;4.6.6&#8243; _module_preset=&#8220;default&#8220;][et_pb_column type=&#8220;1_5&#8243; _builder_version=&#8220;4.6.6&#8243; _module_preset=&#8220;default&#8220;][\/et_pb_column][et_pb_column type=&#8220;1_5&#8243; _builder_version=&#8220;4.6.6&#8243; _module_preset=&#8220;default&#8220;][et_pb_team_member name=&#8220;Josef Schiessl&#8220; position=&#8220;CEO, Gesch\u00e4ftsf\u00fchrung&#8220; image_url=&#8220;https:\/\/www.schiessl.wien\/wp-content\/uploads\/2019\/02\/8579-13W-e1560343878333.jpg&#8220; _builder_version=&#8220;4.0.4&#8243; custom_margin=&#8220;-6px||&#8220; child_filter_saturate=&#8220;0%&#8220; child_filter_brightness=&#8220;120%&#8220; child_filter_contrast=&#8220;125%&#8220; child_filter_opacity=&#8220;89%&#8220; border_radii_image=&#8220;on|28px|28px|28px|28px&#8220; box_shadow_style_image=&#8220;preset2&#8243;][\/et_pb_team_member][\/et_pb_column][et_pb_column type=&#8220;1_5&#8243; _builder_version=&#8220;4.6.6&#8243; _module_preset=&#8220;default&#8220;][et_pb_team_member name=&#8220;Christine Edler&#8220; position=&#8220;Projektbetreuung&#8220; image_url=&#8220;https:\/\/www.schiessl.wien\/wp-content\/uploads\/2019\/02\/Christine1-1080&#215;1440-e1560343389602.jpg&#8220; _builder_version=&#8220;4.0.4&#8243; custom_margin=&#8220;-6px||&#8220; child_filter_saturate=&#8220;0%&#8220; child_filter_brightness=&#8220;120%&#8220; child_filter_contrast=&#8220;125%&#8220; child_filter_opacity=&#8220;89%&#8220; border_radii_image=&#8220;on|28px|28px|28px|28px&#8220; box_shadow_style_image=&#8220;preset2&#8243;][\/et_pb_team_member][\/et_pb_column][et_pb_column type=&#8220;1_5&#8243; _builder_version=&#8220;4.6.6&#8243; _module_preset=&#8220;default&#8220;][et_pb_team_member name=&#8220;Dominik Schiessl&#8220; position=&#8220;IT, Design Visualisierungen&#8220; image_url=&#8220;http:\/\/www.schiessl.wien\/wp-content\/uploads\/2019\/02\/12273664_1116570335040117_1820929078540798622_o.jpg&#8220; _builder_version=&#8220;3.24&#8243; custom_margin=&#8220;0px||&#8220; child_filter_saturate=&#8220;0%&#8220; child_filter_brightness=&#8220;110%&#8220; child_filter_contrast=&#8220;109%&#8220; child_filter_opacity=&#8220;89%&#8220; border_radii_image=&#8220;on|28px|28px|28px|28px&#8220; box_shadow_style_image=&#8220;preset2&#8243;][\/et_pb_team_member][\/et_pb_column][et_pb_column type=&#8220;1_5&#8243; _builder_version=&#8220;4.6.6&#8243; _module_preset=&#8220;default&#8220;][\/et_pb_column][\/et_pb_row][\/et_pb_section][et_pb_section fb_built=&#8220;1&#8243; fullwidth=&#8220;on&#8220; module_id=&#8220;portfolio&#8220; _builder_version=&#8220;3.22.3&#8243; custom_padding=&#8220;123px|0px|0px|0px|false|false&#8220;][et_pb_fullwidth_slider _builder_version=&#8220;3.21.1&#8243; header_font=&#8220;Montserrat|500|||||||&#8220; header_font_size=&#8220;32px&#8220; custom_margin=&#8220;0px||&#8220; link_option_url=&#8220;http:\/\/www.schiessl.wien\/?project=293&#8243; header_text_shadow_style=&#8220;preset1&#8243;][et_pb_slide heading=&#8220;Dachausbau \/ Balkonerweiterung &#8211; Wien, 2015&#8243; button_text=&#8220;Weiter zum Projekt&#8220; button_link=&#8220;http:\/\/www.schiessl.wien\/?project=293&#8243; _builder_version=&#8220;3.21.1&#8243; background_image=&#8220;http:\/\/www.schiessl.wien\/wp-content\/uploads\/2019\/03\/dachausbau.jpg&#8220; sticky_transition=&#8220;on&#8220;][\/et_pb_slide][et_pb_slide heading=&#8220;Wohnung Aufstockung &#8211; Wien, 2017&#8243; button_text=&#8220;Weiter zum Projekt&#8220; button_link=&#8220;http:\/\/www.schiessl.wien\/?project=308&#8243; _builder_version=&#8220;3.21.1&#8243; use_background_color_gradient=&#8220;on&#8220; background_image=&#8220;http:\/\/www.schiessl.wien\/wp-content\/uploads\/2019\/03\/DSC_08881.jpg&#8220; sticky_transition=&#8220;on&#8220;][\/et_pb_slide][et_pb_slide heading=&#8220;Ordination &#8211; Wien, 2018&#8243; button_text=&#8220;Weiter zum Projekt&#8220; button_link=&#8220;http:\/\/www.schiessl.wien\/?project=326&#8243; _builder_version=&#8220;3.21.1&#8243; background_image=&#8220;http:\/\/www.schiessl.wien\/wp-content\/uploads\/2019\/03\/ordination_00142.jpg&#8220; sticky_transition=&#8220;on&#8220;][\/et_pb_slide][et_pb_slide heading=&#8220;Einfamilienhaus &#8211; Burgenland, 2019&#8243; button_text=&#8220;Weiter zum Projekt&#8220; button_link=&#8220;http:\/\/www.schiessl.wien\/?project=339&#8243; _builder_version=&#8220;3.21.1&#8243; background_image=&#8220;http:\/\/www.schiessl.wien\/wp-content\/uploads\/2019\/03\/dreikant_012.jpg&#8220; sticky_transition=&#8220;on&#8220;][\/et_pb_slide][\/et_pb_fullwidth_slider][\/et_pb_section][et_pb_section fb_built=&#8220;1&#8243; fullwidth=&#8220;on&#8220; _builder_version=&#8220;3.22.3&#8243; custom_padding=&#8220;117px|0px|0px|0px|false|false&#8220;][et_pb_fullwidth_portfolio title=&#8220;Projektauszug&#8220; fullwidth=&#8220;off&#8220; include_categories=&#8220;13,11,8,7,9,6,10,12&#8243; show_date=&#8220;off&#8220; _builder_version=&#8220;3.21.1&#8243; portfolio_header_font=&#8220;Montserrat|600||on|||||&#8220; portfolio_header_font_size=&#8220;20px&#8220; caption_font=&#8220;||||||||&#8220; custom_padding=&#8220;149px|||||&#8220; custom_margin=&#8220;-143px|||||&#8220;][\/et_pb_fullwidth_portfolio][\/et_pb_section][et_pb_section fb_built=&#8220;1&#8243; fullwidth=&#8220;on&#8220; _builder_version=&#8220;3.22.3&#8243;][\/et_pb_section][et_pb_section fb_built=&#8220;1&#8243; admin_label=&#8220;Testimonial Section&#8220; module_id=&#8220;kontakt&#8220; _builder_version=&#8220;3.22.3&#8243; background_color=&#8220;#f7f7f7&#8243; custom_padding=&#8220;90px||0||false|false&#8220; collapsed=&#8220;off&#8220;][et_pb_row admin_label=&#8220;Section Title&#8220; _builder_version=&#8220;3.25&#8243; custom_margin=&#8220;|||&#8220; custom_padding=&#8220;30px|0px|0|0px|false|false&#8220; locked=&#8220;off&#8220;][et_pb_column type=&#8220;4_4&#8243; _builder_version=&#8220;3.25&#8243; custom_padding=&#8220;|||&#8220; custom_padding__hover=&#8220;|||&#8220;][et_pb_text admin_label=&#8220;Title&#8220; _builder_version=&#8220;3.27.4&#8243; text_font=&#8220;||||||||&#8220; header_font=&#8220;||||||||&#8220; header_2_font=&#8220;Montserrat|600||on|||||&#8220; header_2_text_align=&#8220;center&#8220; header_2_font_size=&#8220;20px&#8220; header_2_line_height=&#8220;1.5em&#8220; custom_margin=&#8220;||5px|&#8220; animation_style=&#8220;slide&#8220; animation_direction=&#8220;top&#8220; animation_intensity_slide=&#8220;20%&#8220; animation_starting_opacity=&#8220;100%&#8220;]<\/p>\n<h2>Kontakt<\/h2>\n<p>[\/et_pb_text][et_pb_divider show_divider=&#8220;off&#8220; _builder_version=&#8220;3.23.4&#8243; max_width=&#8220;23px&#8220; module_alignment=&#8220;center&#8220; height=&#8220;0px&#8220; animation_style=&#8220;slide&#8220; animation_direction=&#8220;top&#8220; animation_intensity_slide=&#8220;20%&#8220; animation_starting_opacity=&#8220;100%&#8220;][\/et_pb_divider][\/et_pb_column][\/et_pb_row][et_pb_row _builder_version=&#8220;4.6.6&#8243; _module_preset=&#8220;default&#8220;][et_pb_column type=&#8220;4_4&#8243; _builder_version=&#8220;4.6.6&#8243; _module_preset=&#8220;default&#8220;][et_pb_text module_class=&#8220;contact-field&#8220; _builder_version=&#8220;3.27.4&#8243; text_font=&#8220;Montserrat|300|||||||&#8220; header_font=&#8220;Montserrat|300|||||||&#8220; header_font_size=&#8220;22px&#8220; header_2_font=&#8220;Montserrat|100|||||||&#8220; header_2_font_size=&#8220;20px&#8220; header_3_font=&#8220;Montserrat|300|||||||&#8220; header_3_font_size=&#8220;17px&#8220; custom_margin=&#8220;||190px|||&#8220; custom_padding=&#8220;0px|||||&#8220; custom_css_main_element=&#8220;||&#8220; custom_css_after=&#8220;||&#8220; inline_fonts=&#8220;Montserrat&#8220;]<\/p>\n<h1>Architekt DI. Josef Schiessl<\/h1>\n<h3>Staatlich befugter und beeideter Ziviltechniker<\/h3>\n<p>&nbsp;<\/p>\n<p><span>Vogelsanggasse 8<\/span><span>\/25<\/span><span>,\u00a0<\/span><span>1050 Wien<\/span><\/p>\n<p class=\"weg\"><i class=\"et-social-icon fa fa-circle\"><\/i><a href=\"tel:+4315968680\">T+43 1 596 86 80<\/a><\/p>\n<p class=\"weg\"><i class=\"et-social-icon fa fa-circle\"><\/i>F +43 1 596 86 80-16<\/p>\n<p class=\"weg\"><i class=\"et-social-icon fa fa-circle\"><\/i><a href=\"mailto:office@schiessl.cc\">office@schiessl.wien<\/a><\/p>\n<p><span style=\"font-size: 14px;\">Gerichtsstand: Wien Umsatzsteueridentifikationsnummer: ATU122 31707<\/span><\/p>\n<p>[\/et_pb_text][\/et_pb_column][\/et_pb_row][\/et_pb_section][et_pb_section fb_built=&#8220;1&#8243; _builder_version=&#8220;3.22.3&#8243; min_height=&#8220;558px&#8220; custom_margin=&#8220;-118px|||||&#8220;][et_pb_row module_class=&#8220; et_pb_row_fullwidth&#8220; _builder_version=&#8220;3.25&#8243; width=&#8220;89%&#8220; width_tablet=&#8220;80%&#8220; width_phone=&#8220;&#8220; width_last_edited=&#8220;on|desktop&#8220; max_width=&#8220;89%&#8220; max_width_tablet=&#8220;80%&#8220; max_width_phone=&#8220;&#8220; max_width_last_edited=&#8220;on|desktop&#8220; make_fullwidth=&#8220;on&#8220;][et_pb_column type=&#8220;4_4&#8243; _builder_version=&#8220;3.25&#8243; custom_padding=&#8220;|||&#8220; custom_padding__hover=&#8220;|||&#8220;][et_pb_map address=&#8220;Vogelsanggasse 8\/25, 1050 Wien, Austria&#8220; zoom_level=&#8220;12&#8243; address_lat=&#8220;48.198308171579&#8243; address_lng=&#8220;16.372311962165&#8243; _builder_version=&#8220;4.6.6&#8243;][et_pb_map_pin title=&#8220;Architekturb\u00fcro Schiessl&#8220; pin_address=&#8220;Argentinierstra\u00dfe 53, 1040 Wien, \u00d6sterreich&#8220; zoom_level=&#8220;15&#8243; pin_address_lat=&#8220;48.1891554&#8243; pin_address_lng=&#8220;16.3764092&#8243; _builder_version=&#8220;3.21&#8243;][\/et_pb_map_pin][\/et_pb_map][\/et_pb_column][\/et_pb_row][\/et_pb_section]<\/p>\n","protected":false},"excerpt":{"rendered":"<p>[et_pb_section fb_built=&#8220;1&#8243; next_background_color=&#8220;#000000#f7f7f7&#8243; admin_label=&#8220;Hero Section&#8220; module_id=&#8220;home&#8220; _builder_version=&#8220;4.0.3&#8243; background_color=&#8220;#f7f7f7&#8243; use_background_color_gradient=&#8220;on&#8220; background_color_gradient_start=&#8220;rgba(0,0,0,0.4)&#8220; background_color_gradient_end=&#8220;rgba(0,0,0,0.4)&#8220; background_color_gradient_overlays_image=&#8220;on&#8220; background_image=&#8220;http:\/\/www.schiessl.wien\/wordpress\/wp-content\/uploads\/2019\/02\/writer-01.jpg&#8220; background_position=&#8220;center_right&#8220; custom_padding=&#8220;10%||8.6%||false|false&#8220; bottom_divider_style=&#8220;triangle&#8220; bottom_divider_height=&#8220;0px&#8220; collapsed=&#8220;off&#8220; background_color_gradient_direction__hover=&#8220;180deg&#8220; background_color_gradient_direction__hover_enabled=&#8220;180deg&#8220; background_color_gradient_start_position__hover=&#8220;0%&#8220; background_color_gradient_start_position__hover_enabled=&#8220;0%&#8220; background_color_gradient_end_position__hover=&#8220;100%&#8220; background_color_gradient_end_position__hover_enabled=&#8220;100%&#8220;][et_pb_row _builder_version=&#8220;3.25&#8243;][et_pb_column type=&#8220;4_4&#8243; _builder_version=&#8220;3.25&#8243; custom_padding=&#8220;|||&#8220; custom_padding__hover=&#8220;|||&#8220;][et_pb_image src=&#8220;https:\/\/www.schiessl.wien\/wp-content\/uploads\/2019\/10\/admin.png&#8220; align=&#8220;center&#8220; align_tablet=&#8220;center&#8220; align_phone=&#8220;&#8220; align_last_edited=&#8220;on|desktop&#8220; _builder_version=&#8220;4.0.4&#8243; max_width=&#8220;50%&#8220;][\/et_pb_image][et_pb_text admin_label=&#8220;Hero Section Title&#8220; _builder_version=&#8220;3.27.4&#8243; text_font=&#8220;|||on|||||&#8220; header_font=&#8220;Montserrat|200|||||||&#8220; header_font_size=&#8220;21px&#8220; header_letter_spacing=&#8220;3px&#8220; header_line_height=&#8220;1.3em&#8220; header_2_font=&#8220;Montserrat|100|||||||&#8220; header_2_text_color=&#8220;rgba(255,255,255,0.6)&#8220; header_2_font_size=&#8220;37px&#8220; header_2_letter_spacing=&#8220;3px&#8220; header_2_line_height=&#8220;2.5em&#8220; text_orientation=&#8220;center&#8220; background_layout=&#8220;dark&#8220; module_alignment=&#8220;center&#8220; custom_margin=&#8220;||60px|&#8220; animation_style=&#8220;slide&#8220; [&hellip;]<\/p>\n","protected":false},"author":1,"featured_media":0,"parent":0,"menu_order":0,"comment_status":"closed","ping_status":"closed","template":"","meta":{"_et_pb_use_builder":"on","_et_pb_old_content":"<!-- wp:paragraph -->\n<p>Dies ist eine Beispiel-Seite. Sie unterscheidet sich von Beitr\u00e4gen, da sie stets an derselben Stelle bleibt und (bei den meisten Themes) in der Website-Navigation angezeigt wird. Die meisten starten mit einem Impressum, der Datenschutzerkl\u00e4rung oder einer \u201e\u00dcber uns\u201c-Seite, um sich m\u00f6glichen Besucher der Website vorzustellen. Dort k\u00f6nnte zum Beispiel stehen:<\/p>\n<!-- \/wp:paragraph -->\n\n<!-- wp:quote -->\n<blockquote class=\"wp-block-quote\"><p>Hallo! Ich bin tags\u00fcber im Kurierdienst t\u00e4tig, nachts widme ich mich der Schauspielkunst, und das ist meine Website. Ich lebe in einer Gro\u00dfstadt, habe einen tollen Hund und ich mag Getr\u00e4nke mit Schirmchen (aber nicht ohne Schirm im Regen zu stehen).<\/p><\/blockquote>\n<!-- \/wp:quote -->\n\n<!-- wp:paragraph -->\n<p>...oder so etwas wie das hier:<\/p>\n<!-- \/wp:paragraph -->\n\n<!-- wp:quote -->\n<blockquote class=\"wp-block-quote\"><p>Das Unternehmen XYZ wurde 1971 gegr\u00fcndet und versorgt die \u00d6ffentlichkeit seither mit qualitativ hochwertigen Produkten. An seinem Standort in einer kleinen Gro\u00dfstadt besch\u00e4ftigt der Betrieb \u00fcber 2.000 Menschen und unterst\u00fctzt die Stadtbewohner in vielfacher Hinsicht.<\/p><\/blockquote>\n<!-- \/wp:quote -->\n\n<!-- wp:paragraph -->\n<p>Als neuer WordPress-Benutzer solltest du dein <a href=\"http:\/\/www.schiessl.wien\/wordpress\/wp-admin\/\">Dashboard<\/a> aufrufen, um diese Seite zu l\u00f6schen und neue Seiten f\u00fcr deinen Inhalt zu erstellen. Viel Spa\u00df!<\/p>\n<!-- \/wp:paragraph -->","_et_gb_content_width":"","footnotes":""},"_links":{"self":[{"href":"https:\/\/www.schiessl.wien\/index.php?rest_route=\/wp\/v2\/pages\/2"}],"collection":[{"href":"https:\/\/www.schiessl.wien\/index.php?rest_route=\/wp\/v2\/pages"}],"about":[{"href":"https:\/\/www.schiessl.wien\/index.php?rest_route=\/wp\/v2\/types\/page"}],"author":[{"embeddable":true,"href":"https:\/\/www.schiessl.wien\/index.php?rest_route=\/wp\/v2\/users\/1"}],"replies":[{"embeddable":true,"href":"https:\/\/www.schiessl.wien\/index.php?rest_route=%2Fwp%2Fv2%2Fcomments&post=2"}],"version-history":[{"count":99,"href":"https:\/\/www.schiessl.wien\/index.php?rest_route=\/wp\/v2\/pages\/2\/revisions"}],"predecessor-version":[{"id":614,"href":"https:\/\/www.schiessl.wien\/index.php?rest_route=\/wp\/v2\/pages\/2\/revisions\/614"}],"wp:attachment":[{"href":"https:\/\/www.schiessl.wien\/index.php?rest_route=%2Fwp%2Fv2%2Fmedia&parent=2"}],"curies":[{"name":"wp","href":"https:\/\/api.w.org\/{rel}","templated":true}]}}